+ 105. Let c be q(n). Calculate the greatest common divisor of c and 5.
5
Let c be (-50)/4*(-28)/5. Let h = -40 + c. What is the highest common divisor of 10 and h?
10
Suppose -2*j + 159 + 129 = 0. Let m = 20 - 11. Let u = m - -9. Calculate the greatest common factor of j and u.
18
Let p be (-1384)/(-30) - (-1)/(-15)*2. Suppose 3*h + 5*i - 65 = 0, 5*i + 29 = 4*h - p. What is the greatest common divisor of 10 and h?
10
Let o = -288 + 320. Calculate the greatest common factor of 224 and o.
32
Let b be (-20)/70 - (-1581)/21. What is the highest common divisor of b and 105?
15
Let h = 3 + 11. Suppose 0 = -8*p + 128 + 40. What is the greatest common divisor of h and p?
7
Suppose 71*k = 529 + 394. Let y(w) = w - 1. Let a(r) = -10*r + 6. Let q(u) = a(u) + 4*y(u). Let g be q(-4). What is the highest common factor of k and g?
13
Suppose 29*g = 35*g - 18. Suppose -3*m = 9, -3*m + 45 + 48 = g*y. Calculate the highest common factor of y and 102.
34
Suppose g + 300 = 6*g. Calculate the highest common factor of g and 12.
12
Suppose 3*a = -x - 0*a + 39, x - 57 = 3*a. What is the greatest common factor of x and 912?
48
Suppose -2*x = 4*z - 32, 9*z - 12*z = -2*x + 4. Calculate the highest common divisor of x and 256.
8
Let x be 8*(-4)/(32/(-20)). Let u be 15*(-2)/(-12)*4. What is the highest common factor of x and u?
10
Let i(y) = y + 53. Let d be i(-9). Calculate the greatest common factor of 110 and d.
22
Let x = 269 - 238. What is the greatest common factor of 403 and x?
31
Suppose 3*g + 441 = 28*b - 27*b, -5*b + 2262 = 4*g. Calculate the highest common divisor of b and 36.
18
Suppose -3*d = -4*a - 136, a = 4*a + 12. What is the highest common divisor of 32 and d?
8
Suppose -2505 = -6*h + 663. Calculate the greatest common factor of 33 and h.
33
Let y(u) = u**2 - 4*u + 4. Let a be y(8). Let g = a - 1. What is the highest common factor of g and 7?
7
Let h = 11 - 11. Suppose h = -c + 4*c - 3. Let f be -3 + c - (2 + -28). What is the highest common factor of f and 16?
8
Let k be (-53 + 59)*16/6. Suppose -4*n = 41 - 137. What is the highest common factor of n and k?
8
Suppose 3*b - 87 = -81. Let v = 2 + 3. Suppose -l - b = -4*u, -3 = v*l + u - 56. Calculate the greatest common factor of l and 50.
10
Suppose -4*d - 2*m = -222, 4*d = -0*d - m + 225. Let j = -27 + d. Suppose 0 = 3*l + l - 360. Calculate the highest common factor of j and l.
30
Let n = 66 + -71. Let l(r) = -r**2 - 8*r - 1. Let o be l(n). Let z = 45 + -10. What is the greatest common factor of z and o?
7
Let r(o) = 23*o - 4. Let h be r(4). Let b(v) = v**2 + 6*v - 16. Let l be b(-9). Calculate the greatest common factor of h and l.
11
Let c = -405 - -423. Suppose -3*r + 2*n = -0*r - 37, 2*n = -5*r + 35. What is the highest common divisor of c and r?
9
Suppose 0*t - 2*t + 84 = 2*f, t + 5*f = 38. Calculate the highest common factor of 172 and t.
43
Let c be 4 + (3 + -2 - 1). Let o = -619 + 1175. Suppose c*n - 6*n + o = 5*z, 4*n + 208 = 2*z. Calculate the greatest common divisor of 10 and z.
10
Let h(g) = -3*g - 9. Let d be h(-17). Suppose 0*z = -3*z + d. What is the highest common factor of z and 14?
14
Let c = 132 - 104. Calculate the highest common divisor of c and 147.
7
Let l = -13 - -17. Suppose 5*q + l = -21, 3*q = -2*y + 49. What is the greatest common factor of y and 256?
32
Let w(a) be the first derivative of -a**4/4 + 14*a**3/3 + a**2 - 20*a + 2. Let s = -8 + 22. Let q be w(s). What is the greatest common factor of 2 and q?
2
Let t(g) = -2*g - 4*g + g**2 + 0*g**2 - 9. Let y be t(-6). Let l = -7 - -14. Calculate the greatest common divisor of l and y.
7
Suppose 4*g = g + 165. Let i(m) be the second derivative of m**4/12 + m**3/6 + 11*m**2 - m. Let p be i(0). Calculate the greatest common factor of g and p.
11
Let s be ((-1 + 1)*-1)/2. Suppose s = -2*c - c + 9. Suppose -c*h - 90 = -4*h. What is the highest common factor of 18 and h?
18
Let u be 4/1 + -1 + -2. Let r = -19 - -22. Suppose 0 = -2*d - 3*f - 11, -3*d + r = -f - 8. Calculate the greatest common factor of d and u.
1
Let t = 32 + -77. Let d(w) = 17*w**2 - w - 1. Let h be d(-2). Let u = t + h. What is the highest common factor of u and 3?
3
Let o be (-6)/(-4)*40/(-30) - -15. What is the greatest common divisor of 39 and o?
13
Let u be 3*1 + (-2 - -1). Let s = -8 + u. Let a(r) = -r**2 - 7*r + 2. Let c be a(s). Calculate the greatest common divisor of c and 40.
8
Let d be (-2)/2 - -1*75. Let k = -1279 + 1464. What is the highest common factor of d and k?
37
Suppose -3*f = 2*w - 100, w - 5*f - 22 = 54. What is the greatest common divisor of 224 and w?
56
Suppose -11*y - 154 = -506. Calculate the highest common divisor of y and 608.
32
Let l be (-2 + 22/1)/1. Let v = 54 - 49. Let m = 55 - v. Calculate the greatest common divisor of m and l.
10
Suppose -2*f - 15 = -45. Let l = f + -8. Let c be -32*((-84)/16)/l. What is the greatest common divisor of 6 and c?
6
Suppose -3*q - 8 = -2*v - 55, 3*q = -5*v + 19. What is the highest common divisor of q and 221?
13
Let c(a) = -29*a + 9. Let g(n) = -2*n. Let r(h) = c(h) - 6*g(h). Let k be r(-3). What is the highest common divisor of k and 24?
12
Let y be (-105)/21 + -1 + 16. Suppose -k + 23 = 3*z, -2*k + 0*z = -2*z - 38. Let v = 35 - k. Calculate the highest common divisor of v and y.
5
Let k(l) = l**3 - l - 2. Suppose -10 - 2 = -2*r - 4*b, 0 = -b + 2. Let g be k(r). Let d = 88 + -78. Calculate the greatest common factor of g and d.
2
Suppose -10*z + 36 = -8*z. Suppose -3*s - z = -6*s. Calculate the greatest common divisor of 66 and s.
6
Let q(x) = -2*x - 27. Let j = -53 + 34. Let b be q(j). Calculate the greatest common divisor of 33 and b.
11
Let a(p) = -95*p + 10. Let v(y) = -32*y + 3. Let n(f) = -3*a(f) + 8*v(f). Let s be n(6). Calculate the highest common divisor of s and 24.
24
Suppose o = -2*o + 15. Let d(g) = g**3 + 7*g**2 + 4*g + 5. Let h be d(-5). Calculate the highest common factor of h and o.
5
Let c = 22 + 95. Suppose c*q - 115*q = 26. Calculate the greatest common divisor of 130 and q.
13
Let g = 40 - 16. Suppose -3*u + 10 = 5*z, 3*z - u - 2 = 4. Let m = 4 + z. Calculate the greatest common factor of m and g.
6
Let w(t) = 2*t**2 - t + 10. Let y be w(5). Let m = y + -15. Suppose 2*p - 18 + 2 = 0. What is the greatest common divisor of p and m?
8
Suppose -149 = -19*g + 136. Calculate the greatest common divisor of g and 5.
5
Let s be -2 + 2019/(-4)*96/(-18). Calculate the greatest common divisor of s and 10.
10
Suppose 4*f - 116 = -262*a + 267*a, 0 = -5*f - 5*a + 100. Suppose 4*z - 3*v - 156 = 0, -3*z - 3*v + 168 = 2*z. What is the highest common factor of z and f?
12
Suppose 53*z + 2015 = 58*z. Calculate the greatest common divisor of z and 221.
13
Suppose 0*r - 4*r - 30 = -5*d, 0 = 4*d - 2*r - 18. Let c(p) = -p**2 + 4*p - 1. Let u be c(d). Let h = 10 - u. Calculate the highest common factor of 7 and h.
7
Suppose 0*j - 4*q + 20 = j, -3*j + q = -21. Suppose 0 = 332*y - 327*y - 160. What is the highest common divisor of y and j?
8
Let s be (-10)/(-1)*124/8. Suppose -9*l = -322 + 43. What is the greatest common divisor of l and s?
31
Suppose 0*l + 8 = 4*l. Let b be (l/5)/((-5)/(-225)). Let a = 15 + -6. Calculate the greatest common factor of b and a.
9
Let u be (-12)/15 - 338/(-10). Let r(c) = 70*c - 8. Let j be r(2). What is the greatest common factor of j and u?
33
Let d be 16 - (5 - (5 - (4 - 2))). Calculate the greatest common divisor of 924 and d.
14
Suppose 0 = 24*w - 6*w - 7434. Calculate the greatest common divisor of 59 and w.
59
Let q(n) = 3*n**2 + 11*n - 93. Let x be q(-9). Suppose -244 - 878 = -2*s. What is the greatest common divisor of x and s?
51
Suppose 711 = 6*u - 1989. Let v be (-66)/(-5)*(u/(-12))/(-5). What is the highest common factor of v and 11?
11
Let c be (-2 - -2)/(4 - 6). Suppose -5*m - 5 = 0, c = 4*n - 4*m - 2 - 2. Let t be 3 - n/(4 + 0). What is the greatest common divisor of t and 21?
3
Let y be (42/4)/(2/4). What is the greatest common factor of y and 42?
21
Suppose 2*w + 3*v + 60 = 192, -4*w + 308 = -5*v. What is the greatest common factor of w and 234?
18
Let u = 18 - 12. Suppose -5*o - 5*t = -150, 41*t = o + 38*t - 30. What is the highest common factor of u and o?
6
Let q = 43 + -40. Suppose -20 = 6*t - 9*t + a, q*a - 31 = -4*t. Calculate the greatest c